{"id":75,"date":"2018-02-01T11:50:28","date_gmt":"2018-02-01T10:50:28","guid":{"rendered":"http:\/\/amrumferien-nebel.de\/v2018\/?page_id=75"},"modified":"2026-04-23T14:08:37","modified_gmt":"2026-04-23T12:08:37","slug":"nei-stich-31-haus-b-luebbert-rohde","status":"publish","type":"page","link":"https:\/\/amrumferien-nebel.de\/?page_id=75","title":{"rendered":"Norddorf &#8211; Nei Stich 31b &#8211; Wohnung f\u00fcr 4 Personen"},"content":{"rendered":"<p><img decoding=\"async\" class=\"alignnone wp-image-309 size-full\" src=\"https:\/\/amrumferien-nebel.de\/v2018\/wp-content\/uploads\/2018\/02\/neistich_haus_b_gross.jpg\" alt=\"\" width=\"100%\" height=\"auto\" srcset=\"https:\/\/amrumferien-nebel.de\/v2018\/wp-content\/uploads\/2018\/02\/neistich_haus_b_gross.jpg 3000w, https:\/\/amrumferien-nebel.de\/v2018\/wp-content\/uploads\/2018\/02\/neistich_haus_b_gross-300x200.jpg 300w, https:\/\/amrumferien-nebel.de\/v2018\/wp-content\/uploads\/2018\/02\/neistich_haus_b_gross-768x512.jpg 768w, https:\/\/amrumferien-nebel.de\/v2018\/wp-content\/uploads\/2018\/02\/neistich_haus_b_gross-1024x683.jpg 1024w\" sizes=\"(max-width: 3000px) 100vw, 3000px\" \/><\/p>\n<pre>Eine gem\u00fctliche 4 Personen Maisonette-Ferienwohnung im Friesenhaus mit Reetdach. Die Wohnung 3 ist ein separater Geb\u00e4udeteil, durch ein Nebengeb\u00e4ude getrennt von den beiden anderen Wohnungen. Viel Komfort inklusive Garten und Terrasse. 2 Schlafzimmer, Wohnzimmer, K\u00fcche, Garderobe, 2 B\u00e4der.\n\nDas im Juli 2009 fertiggestellte Friesenhaus liegt am \u00f6stlichen Ortsrand von Norddorf in sehr ruhiger Lage und wurde vom DTV mit <small>\u2605\u2605\u2605\u2605<\/small> ausgezeichnet. Der gro\u00dfe Garten kann gemeinsam mit anderen G\u00e4sten genutzt werden.<\/pre>\n<p><script>\nwindow.TWEBSHOP = {\nconfig: 'GER00020060757095333_ger',\nlanguage: 'de',\ntheme: {\nsticky: {\noffset: 80,\nzIndex: 1\n}\n}\n}\n<\/script><\/p>\n<style>\n#twebshop {\n--tw-button-color: #bc2967;\n--tw-button-text-color: #fff;\n--tw-button-price-color: #2e921d;\n--tw-button-price-text-color: #fff;\n--tw-box-color: #1d6bb1;\n--tw-box-text-color: #fff;\n--tw-booking-color: #c4c4c4;\n--tw-booking-text-color: #333;\n}\n<\/style>\n<p><tws-accommodation-calendar-service data-id=\"GER00020060757096111\"><\/tws-accommodation-calendar-service><br \/>\n<script src=\"https:\/\/twebshop.tomas-travel.com\/app\/accommodation\/calendar\/app.js\"><\/script><\/p>\n<h4><\/h4>\n<p>&nbsp;<\/p>\n<h4><a href=\"https:\/\/amrumferien-nebel.de\/v2018\/wp-content\/uploads\/2018\/02\/neistich_haus_b_whng_3_wohnzi.jpg\"><img loading=\"lazy\" decoding=\"async\" class=\"alignleft wp-image-320\" style=\"margin-bottom: 30px;\" src=\"https:\/\/amrumferien-nebel.de\/v2018\/wp-content\/uploads\/2018\/02\/neistich_haus_b_whng_3_wohnzi-300x225.jpg\" width=\"290\" height=\"218\" srcset=\"https:\/\/amrumferien-nebel.de\/v2018\/wp-content\/uploads\/2018\/02\/neistich_haus_b_whng_3_wohnzi-300x225.jpg 300w, https:\/\/amrumferien-nebel.de\/v2018\/wp-content\/uploads\/2018\/02\/neistich_haus_b_whng_3_wohnzi-768x576.jpg 768w, https:\/\/amrumferien-nebel.de\/v2018\/wp-content\/uploads\/2018\/02\/neistich_haus_b_whng_3_wohnzi.jpg 800w\" sizes=\"auto, (max-width: 290px) 100vw, 290px\" \/><\/a>Allgemeines<\/h4>\n<p>Ca. 80 qm Wohnfl\u00e4che, Breitband-Internetzugang \u00fcber WLAN,&nbsp;zentrale Erdw\u00e4rmeheizung mit Fu\u00dfbodenheizung, Nichtraucherwohnung, keine Haustiere!<\/p>\n<h4>Wohnraum \/&nbsp;Esszimmer<\/h4>\n<p>Gem\u00fctliche Sitzgelegenheiten&nbsp;f\u00fcr&nbsp;4 Personen,&nbsp;Klavier &#8211; &#8222;Schimmel&#8220;,&nbsp;Kamin, Satelliten-TV,&nbsp;Stereoanlage&nbsp;mit&nbsp;DVD\/CD-Player,&nbsp;Esstisch&nbsp;f\u00fcr&nbsp;4 bis 6 Personen,&nbsp;Kinderhochstuhl<\/p>\n<p><a href=\"https:\/\/amrumferien-nebel.de\/v2018\/wp-content\/uploads\/2018\/02\/neistich_haus_b_whng_3_kueche.jpg\"><img loading=\"lazy\" decoding=\"async\" class=\"alignleft wp-image-325\" style=\"margin-bottom: 50px;\" src=\"https:\/\/amrumferien-nebel.de\/v2018\/wp-content\/uploads\/2018\/02\/neistich_haus_b_whng_3_kueche-225x300.jpg\" alt=\"\" width=\"123\" height=\"164\" srcset=\"https:\/\/amrumferien-nebel.de\/v2018\/wp-content\/uploads\/2018\/02\/neistich_haus_b_whng_3_kueche-225x300.jpg 225w, https:\/\/amrumferien-nebel.de\/v2018\/wp-content\/uploads\/2018\/02\/neistich_haus_b_whng_3_kueche.jpg 600w\" sizes=\"auto, (max-width: 123px) 100vw, 123px\" \/><\/a><\/p>\n<h4><a href=\"https:\/\/amrumferien-nebel.de\/v2018\/wp-content\/uploads\/2018\/02\/neistich_haus_b_whng_3_schlafzi.jpg\"><img loading=\"lazy\" decoding=\"async\" class=\"alignleft wp-image-330\" style=\"margin-bottom: 40px;\" src=\"https:\/\/amrumferien-nebel.de\/v2018\/wp-content\/uploads\/2018\/02\/neistich_haus_b_whng_3_schlafzi-219x300.jpg\" alt=\"\" width=\"120\" height=\"164\" srcset=\"https:\/\/amrumferien-nebel.de\/v2018\/wp-content\/uploads\/2018\/02\/neistich_haus_b_whng_3_schlafzi-219x300.jpg 219w, https:\/\/amrumferien-nebel.de\/v2018\/wp-content\/uploads\/2018\/02\/neistich_haus_b_whng_3_schlafzi.jpg 585w\" sizes=\"auto, (max-width: 120px) 100vw, 120px\" \/><\/a>K\u00fcche<\/h4>\n<p>Herd (Cerankochfeld) mit Dunstabzug,&nbsp;Backofen,&nbsp;K\u00fchlschrank mit&nbsp;Gefrierfach,&nbsp;Mikrowelle,&nbsp;Geschirrsp\u00fclmaschine,&nbsp;Kaffeemaschine,&nbsp;R\u00fchrger\u00e4t, B\u00fcgelbrett,&nbsp;B\u00fcgeleisen,&nbsp;Wasserkocher,<br \/>\nToaster<\/p>\n<p>&nbsp;<\/p>\n<h4><a href=\"https:\/\/amrumferien-nebel.de\/v2018\/wp-content\/uploads\/2018\/02\/neistich_haus_b_whng_3_essen.jpg\"><img loading=\"lazy\" decoding=\"async\" class=\"alignleft wp-image-332\" style=\"margin-bottom: 30px;\" src=\"https:\/\/amrumferien-nebel.de\/v2018\/wp-content\/uploads\/2018\/02\/neistich_haus_b_whng_3_essen-300x225.jpg\" alt=\"\" width=\"290\" height=\"218\" srcset=\"https:\/\/amrumferien-nebel.de\/v2018\/wp-content\/uploads\/2018\/02\/neistich_haus_b_whng_3_essen-300x225.jpg 300w, https:\/\/amrumferien-nebel.de\/v2018\/wp-content\/uploads\/2018\/02\/neistich_haus_b_whng_3_essen-768x576.jpg 768w, https:\/\/amrumferien-nebel.de\/v2018\/wp-content\/uploads\/2018\/02\/neistich_haus_b_whng_3_essen.jpg 800w\" sizes=\"auto, (max-width: 290px) 100vw, 290px\" \/><\/a>Schlafzimmer<\/h4>\n<p>2 Schlafzimmer mit je einem&nbsp;Doppelbett,&nbsp;Kleinkinderbett&nbsp;mit Matratze (bis 2 J.) ist vorhanden, Bettw\u00e4sche wird gestellt<\/p>\n<h4>Badezimmer<\/h4>\n<p>1 Bad (DG) mit&nbsp;Dusche, Waschbecken und WC,&nbsp;1 Bad (EG) mit WC, Waschbecken und Dusche,&nbsp;Handt\u00fccher inklusive, keine Strand- und Badet\u00fccher<\/p>\n<h4><a href=\"https:\/\/amrumferien-nebel.de\/v2018\/wp-content\/uploads\/2018\/02\/neistich_haus_b_whng_3_terrasse-e1518266480268.jpg\"><img loading=\"lazy\" decoding=\"async\" class=\"alignleft wp-image-314\" style=\"margin-bottom: 30px;\" src=\"https:\/\/amrumferien-nebel.de\/v2018\/wp-content\/uploads\/2018\/02\/neistich_haus_b_whng_3_terrasse-e1518266480268-300x200.jpg\" alt=\"\" width=\"290\" height=\"193\" srcset=\"https:\/\/amrumferien-nebel.de\/v2018\/wp-content\/uploads\/2018\/02\/neistich_haus_b_whng_3_terrasse-e1518266480268-300x200.jpg 300w, https:\/\/amrumferien-nebel.de\/v2018\/wp-content\/uploads\/2018\/02\/neistich_haus_b_whng_3_terrasse-e1518266480268-768x512.jpg 768w, https:\/\/amrumferien-nebel.de\/v2018\/wp-content\/uploads\/2018\/02\/neistich_haus_b_whng_3_terrasse-e1518266480268-1024x683.jpg 1024w\" sizes=\"auto, (max-width: 290px) 100vw, 290px\" \/><\/a>Au\u00dfenbereich<\/h4>\n<p>Garten, Terrasse mit Tisch und 4 Gartenst\u00fchlen,&nbsp;Strandkorb, Sonnenschirm,&nbsp;Parkplatz,&nbsp;Fahrradst\u00e4nder<\/p>\n<h4>Keller<\/h4>\n<p>Wasch- und Trockenraum im Heizkeller,&nbsp;Waschmaschine und Trockner mit M\u00fcnzautomat<\/p>\n<h4><a href=\"https:\/\/amrumferien-nebel.de\/v2018\/wp-content\/uploads\/2018\/02\/neistich_haus_b_whng_3_wohnzi_2.jpg\"><img loading=\"lazy\" decoding=\"async\" class=\"alignleft wp-image-323\" style=\"margin-bottom: 70px;\" src=\"https:\/\/amrumferien-nebel.de\/v2018\/wp-content\/uploads\/2018\/02\/neistich_haus_b_whng_3_wohnzi_2-300x225.jpg\" alt=\"\" width=\"290\" height=\"218\" srcset=\"https:\/\/amrumferien-nebel.de\/v2018\/wp-content\/uploads\/2018\/02\/neistich_haus_b_whng_3_wohnzi_2-300x225.jpg 300w, https:\/\/amrumferien-nebel.de\/v2018\/wp-content\/uploads\/2018\/02\/neistich_haus_b_whng_3_wohnzi_2-768x576.jpg 768w, https:\/\/amrumferien-nebel.de\/v2018\/wp-content\/uploads\/2018\/02\/neistich_haus_b_whng_3_wohnzi_2.jpg 800w\" sizes=\"auto, (max-width: 290px) 100vw, 290px\" \/><\/a>Preise<\/h4>\n<p><strong>Saison A (12.06. &#8211; 19.09. \/ 20.12. &#8211; 07.01.)<\/strong><br \/>\nerster Tag 355 EUR*, ab dem zweiten Tag 210 EUR pro Tag<br \/>\n<strong>Saison B (01.03. &#8211; 11.06. \/ 20.09. &#8211; 31.10.)<\/strong><br \/>\nerster Tag 330 EUR*,&nbsp;ab dem zweiten Tag 185 EUR pro Tag<br \/>\n(bei max 2 Personen, erster Tag 300 EUR*, dann je 155 EUR\/Tag)<br \/>\n<strong>Saison C (08.01. &#8211; 28.02. \/ 01.11. &#8211; 19.12.)<\/strong><br \/>\nerster Tag 290 EUR*,&nbsp;ab dem zweiten Tag 145 EUR pro Tag<br \/>\n(bei max 2 Personen, erster Tag 260 EUR*, dann je 115 EUR\/Tag)<\/p>\n<p><a href=\"https:\/\/amrumferien-nebel.de\/v2018\/wp-content\/uploads\/2018\/02\/neistich_haus_b_bild1.jpg\"><img loading=\"lazy\" decoding=\"async\" class=\"alignleft wp-image-337\" style=\"margin-bottom: 25px;\" src=\"https:\/\/amrumferien-nebel.de\/v2018\/wp-content\/uploads\/2018\/02\/neistich_haus_b_bild1-300x200.jpg\" alt=\"\" width=\"290\" height=\"193\" srcset=\"https:\/\/amrumferien-nebel.de\/v2018\/wp-content\/uploads\/2018\/02\/neistich_haus_b_bild1-300x200.jpg 300w, https:\/\/amrumferien-nebel.de\/v2018\/wp-content\/uploads\/2018\/02\/neistich_haus_b_bild1-768x512.jpg 768w, https:\/\/amrumferien-nebel.de\/v2018\/wp-content\/uploads\/2018\/02\/neistich_haus_b_bild1-1024x683.jpg 1024w\" sizes=\"auto, (max-width: 290px) 100vw, 290px\" \/><\/a>In der Hauptsaison Vermietung&nbsp;nur&nbsp;wochenweise bzw. mind. 7&nbsp;Tage;&nbsp;im Winter nach Absprache;&nbsp;sonst&nbsp;Mindestmietdauer&nbsp;5 \u00dcbernachtungen.<br \/>\nVorauszahlung von 50,- EUR pro Person&nbsp;bei&nbsp;Vertragsabschluss<\/p>\n<p>*Inklusive Endreinigung<br \/>\n&nbsp;<br \/>\n&nbsp;<\/p>\n<h4>Nebenkosten:<\/h4>\n<p>Telefonnutzung ins deutsche Festnetz kostenlos,<br \/>\nKurabgabe 1,80 &#8211; 3,50 EUR pro Person und Tag<br \/>\nBettw\u00e4sche Pro Person 16,00 \u20ac<\/p>\n","protected":false},"excerpt":{"rendered":"<div class=\"entry-summary\">\nEine gem\u00fctliche 4 Personen Maisonette-Ferienwohnung im Friesenhaus mit Reetdach. Die Wohnung 3 ist ein separater Geb\u00e4udeteil, durch ein Nebengeb\u00e4ude getrennt&hellip;\n<\/div>\n<div class=\"link-more\"><a href=\"https:\/\/amrumferien-nebel.de\/?page_id=75\" class=\"more-link\">Continue reading<span class=\"screen-reader-text\"> &ldquo;Norddorf &#8211; Nei Stich 31b &#8211; Wohnung f\u00fcr 4 Personen&rdquo;<\/span>&hellip;<\/a><\/div>\n","protected":false},"author":1,"featured_media":0,"parent":2,"menu_order":5,"comment_status":"closed","ping_status":"closed","template":"","meta":{"_acf_changed":false,"footnotes":""},"class_list":["post-75","page","type-page","status-publish","hentry","entry"],"acf":[],"jetpack_shortlink":"https:\/\/wp.me\/P9Ii4n-1d","jetpack_sharing_enabled":true,"_links":{"self":[{"href":"https:\/\/amrumferien-nebel.de\/index.php?rest_route=\/wp\/v2\/pages\/75","targetHints":{"allow":["GET"]}}],"collection":[{"href":"https:\/\/amrumferien-nebel.de\/index.php?rest_route=\/wp\/v2\/pages"}],"about":[{"href":"https:\/\/amrumferien-nebel.de\/index.php?rest_route=\/wp\/v2\/types\/page"}],"author":[{"embeddable":true,"href":"https:\/\/amrumferien-nebel.de\/index.php?rest_route=\/wp\/v2\/users\/1"}],"replies":[{"embeddable":true,"href":"https:\/\/amrumferien-nebel.de\/index.php?rest_route=%2Fwp%2Fv2%2Fcomments&post=75"}],"version-history":[{"count":10,"href":"https:\/\/amrumferien-nebel.de\/index.php?rest_route=\/wp\/v2\/pages\/75\/revisions"}],"predecessor-version":[{"id":1821,"href":"https:\/\/amrumferien-nebel.de\/index.php?rest_route=\/wp\/v2\/pages\/75\/revisions\/1821"}],"up":[{"embeddable":true,"href":"https:\/\/amrumferien-nebel.de\/index.php?rest_route=\/wp\/v2\/pages\/2"}],"wp:attachment":[{"href":"https:\/\/amrumferien-nebel.de\/index.php?rest_route=%2Fwp%2Fv2%2Fmedia&parent=75"}],"curies":[{"name":"wp","href":"https:\/\/api.w.org\/{rel}","templated":true}]}}

Norddorf &#8211; Nei Stich 31b &#8211; Wohnung für 4 Personen

<p><img decoding="async" class="alignnone wp-image-309 size-full" src="https://amrumferien-nebel.de/v2018/wp-content/uploads/2018/02/neistich_haus_b_gross.jpg" alt="" width="100%" height="auto" srcset="https://amrumferien-nebel.de/v2018/wp-content/uploads/2018/02/neistich_haus_b_gross.jpg 3000w, https://amrumferien-nebel.de/v2018/wp-content/uploads/2018/02/neistich_haus_b_gross-300x200.jpg 300w, https://amrumferien-nebel.de/v2018/wp-content/uploads/2018/02/neistich_haus_b_gross-768x512.jpg 768w, https://amrumferien-nebel.de/v2018/wp-content/uploads/2018/02/neistich_haus_b_gross-1024x683.jpg 1024w" sizes="(max-width: 3000px) 100vw, 3000px" /></p>
<pre>Eine gemütliche 4 Personen Maisonette-Ferienwohnung im Friesenhaus mit Reetdach. Die Wohnung 3 ist ein separater Gebäudeteil, durch ein Nebengebäude getrennt von den beiden anderen Wohnungen. Viel Komfort inklusive Garten und Terrasse. 2 Schlafzimmer, Wohnzimmer, Küche, Garderobe, 2 Bäder.

Das im Juli 2009 fertiggestellte Friesenhaus liegt am östlichen Ortsrand von Norddorf in sehr ruhiger Lage und wurde vom DTV mit <small>★★★★</small> ausgezeichnet. Der große Garten kann gemeinsam mit anderen Gästen genutzt werden.</pre>
<p><script>
window.TWEBSHOP = {
config: 'GER00020060757095333_ger',
language: 'de',
theme: {
sticky: {
offset: 80,
zIndex: 1
}
}
}
</script></p>
<style>
#twebshop {
--tw-button-color: #bc2967;
--tw-button-text-color: #fff;
--tw-button-price-color: #2e921d;
--tw-button-price-text-color: #fff;
--tw-box-color: #1d6bb1;
--tw-box-text-color: #fff;
--tw-booking-color: #c4c4c4;
--tw-booking-text-color: #333;
}
</style>
<p><tws-accommodation-calendar-service data-id="GER00020060757096111"></tws-accommodation-calendar-service><br />
<script src="https://twebshop.tomas-travel.com/app/accommodation/calendar/app.js"></script></p>
<h4></h4>
<p>&nbsp;</p>
<h4><a href="https://amrumferien-nebel.de/v2018/wp-content/uploads/2018/02/neistich_haus_b_whng_3_wohnzi.jpg"><img loading="lazy" decoding="async" class="alignleft wp-image-320" style="margin-bottom: 30px;" src="https://amrumferien-nebel.de/v2018/wp-content/uploads/2018/02/neistich_haus_b_whng_3_wohnzi-300x225.jpg" width="290" height="218" srcset="https://amrumferien-nebel.de/v2018/wp-content/uploads/2018/02/neistich_haus_b_whng_3_wohnzi-300x225.jpg 300w, https://amrumferien-nebel.de/v2018/wp-content/uploads/2018/02/neistich_haus_b_whng_3_wohnzi-768x576.jpg 768w, https://amrumferien-nebel.de/v2018/wp-content/uploads/2018/02/neistich_haus_b_whng_3_wohnzi.jpg 800w" sizes="auto, (max-width: 290px) 100vw, 290px" /></a>Allgemeines</h4>
<p>Ca. 80 qm Wohnfläche, Breitband-Internetzugang über WLAN,&nbsp;zentrale Erdwärmeheizung mit Fußbodenheizung, Nichtraucherwohnung, keine Haustiere!</p>
<h4>Wohnraum /&nbsp;Esszimmer</h4>
<p>Gemütliche Sitzgelegenheiten&nbsp;für&nbsp;4 Personen,&nbsp;Klavier &#8211; &#8222;Schimmel&#8220;,&nbsp;Kamin, Satelliten-TV,&nbsp;Stereoanlage&nbsp;mit&nbsp;DVD/CD-Player,&nbsp;Esstisch&nbsp;für&nbsp;4 bis 6 Personen,&nbsp;Kinderhochstuhl</p>
<p><a href="https://amrumferien-nebel.de/v2018/wp-content/uploads/2018/02/neistich_haus_b_whng_3_kueche.jpg"><img loading="lazy" decoding="async" class="alignleft wp-image-325" style="margin-bottom: 50px;" src="https://amrumferien-nebel.de/v2018/wp-content/uploads/2018/02/neistich_haus_b_whng_3_kueche-225x300.jpg" alt="" width="123" height="164" srcset="https://amrumferien-nebel.de/v2018/wp-content/uploads/2018/02/neistich_haus_b_whng_3_kueche-225x300.jpg 225w, https://amrumferien-nebel.de/v2018/wp-content/uploads/2018/02/neistich_haus_b_whng_3_kueche.jpg 600w" sizes="auto, (max-width: 123px) 100vw, 123px" /></a></p>
<h4><a href="https://amrumferien-nebel.de/v2018/wp-content/uploads/2018/02/neistich_haus_b_whng_3_schlafzi.jpg"><img loading="lazy" decoding="async" class="alignleft wp-image-330" style="margin-bottom: 40px;" src="https://amrumferien-nebel.de/v2018/wp-content/uploads/2018/02/neistich_haus_b_whng_3_schlafzi-219x300.jpg" alt="" width="120" height="164" srcset="https://amrumferien-nebel.de/v2018/wp-content/uploads/2018/02/neistich_haus_b_whng_3_schlafzi-219x300.jpg 219w, https://amrumferien-nebel.de/v2018/wp-content/uploads/2018/02/neistich_haus_b_whng_3_schlafzi.jpg 585w" sizes="auto, (max-width: 120px) 100vw, 120px" /></a>Küche</h4>
<p>Herd (Cerankochfeld) mit Dunstabzug,&nbsp;Backofen,&nbsp;Kühlschrank mit&nbsp;Gefrierfach,&nbsp;Mikrowelle,&nbsp;Geschirrspülmaschine,&nbsp;Kaffeemaschine,&nbsp;Rührgerät, Bügelbrett,&nbsp;Bügeleisen,&nbsp;Wasserkocher,<br />
Toaster</p>
<p>&nbsp;</p>
<h4><a href="https://amrumferien-nebel.de/v2018/wp-content/uploads/2018/02/neistich_haus_b_whng_3_essen.jpg"><img loading="lazy" decoding="async" class="alignleft wp-image-332" style="margin-bottom: 30px;" src="https://amrumferien-nebel.de/v2018/wp-content/uploads/2018/02/neistich_haus_b_whng_3_essen-300x225.jpg" alt="" width="290" height="218" srcset="https://amrumferien-nebel.de/v2018/wp-content/uploads/2018/02/neistich_haus_b_whng_3_essen-300x225.jpg 300w, https://amrumferien-nebel.de/v2018/wp-content/uploads/2018/02/neistich_haus_b_whng_3_essen-768x576.jpg 768w, https://amrumferien-nebel.de/v2018/wp-content/uploads/2018/02/neistich_haus_b_whng_3_essen.jpg 800w" sizes="auto, (max-width: 290px) 100vw, 290px" /></a>Schlafzimmer</h4>
<p>2 Schlafzimmer mit je einem&nbsp;Doppelbett,&nbsp;Kleinkinderbett&nbsp;mit Matratze (bis 2 J.) ist vorhanden, Bettwäsche wird gestellt</p>
<h4>Badezimmer</h4>
<p>1 Bad (DG) mit&nbsp;Dusche, Waschbecken und WC,&nbsp;1 Bad (EG) mit WC, Waschbecken und Dusche,&nbsp;Handtücher inklusive, keine Strand- und Badetücher</p>
<h4><a href="https://amrumferien-nebel.de/v2018/wp-content/uploads/2018/02/neistich_haus_b_whng_3_terrasse-e1518266480268.jpg"><img loading="lazy" decoding="async" class="alignleft wp-image-314" style="margin-bottom: 30px;" src="https://amrumferien-nebel.de/v2018/wp-content/uploads/2018/02/neistich_haus_b_whng_3_terrasse-e1518266480268-300x200.jpg" alt="" width="290" height="193" srcset="https://amrumferien-nebel.de/v2018/wp-content/uploads/2018/02/neistich_haus_b_whng_3_terrasse-e1518266480268-300x200.jpg 300w, https://amrumferien-nebel.de/v2018/wp-content/uploads/2018/02/neistich_haus_b_whng_3_terrasse-e1518266480268-768x512.jpg 768w, https://amrumferien-nebel.de/v2018/wp-content/uploads/2018/02/neistich_haus_b_whng_3_terrasse-e1518266480268-1024x683.jpg 1024w" sizes="auto, (max-width: 290px) 100vw, 290px" /></a>Außenbereich</h4>
<p>Garten, Terrasse mit Tisch und 4 Gartenstühlen,&nbsp;Strandkorb, Sonnenschirm,&nbsp;Parkplatz,&nbsp;Fahrradständer</p>
<h4>Keller</h4>
<p>Wasch- und Trockenraum im Heizkeller,&nbsp;Waschmaschine und Trockner mit Münzautomat</p>
<h4><a href="https://amrumferien-nebel.de/v2018/wp-content/uploads/2018/02/neistich_haus_b_whng_3_wohnzi_2.jpg"><img loading="lazy" decoding="async" class="alignleft wp-image-323" style="margin-bottom: 70px;" src="https://amrumferien-nebel.de/v2018/wp-content/uploads/2018/02/neistich_haus_b_whng_3_wohnzi_2-300x225.jpg" alt="" width="290" height="218" srcset="https://amrumferien-nebel.de/v2018/wp-content/uploads/2018/02/neistich_haus_b_whng_3_wohnzi_2-300x225.jpg 300w, https://amrumferien-nebel.de/v2018/wp-content/uploads/2018/02/neistich_haus_b_whng_3_wohnzi_2-768x576.jpg 768w, https://amrumferien-nebel.de/v2018/wp-content/uploads/2018/02/neistich_haus_b_whng_3_wohnzi_2.jpg 800w" sizes="auto, (max-width: 290px) 100vw, 290px" /></a>Preise</h4>
<p><strong>Saison A (12.06. &#8211; 19.09. / 20.12. &#8211; 07.01.)</strong><br />
erster Tag 355 EUR*, ab dem zweiten Tag 210 EUR pro Tag<br />
<strong>Saison B (01.03. &#8211; 11.06. / 20.09. &#8211; 31.10.)</strong><br />
erster Tag 330 EUR*,&nbsp;ab dem zweiten Tag 185 EUR pro Tag<br />
(bei max 2 Personen, erster Tag 300 EUR*, dann je 155 EUR/Tag)<br />
<strong>Saison C (08.01. &#8211; 28.02. / 01.11. &#8211; 19.12.)</strong><br />
erster Tag 290 EUR*,&nbsp;ab dem zweiten Tag 145 EUR pro Tag<br />
(bei max 2 Personen, erster Tag 260 EUR*, dann je 115 EUR/Tag)</p>
<p><a href="https://amrumferien-nebel.de/v2018/wp-content/uploads/2018/02/neistich_haus_b_bild1.jpg"><img loading="lazy" decoding="async" class="alignleft wp-image-337" style="margin-bottom: 25px;" src="https://amrumferien-nebel.de/v2018/wp-content/uploads/2018/02/neistich_haus_b_bild1-300x200.jpg" alt="" width="290" height="193" srcset="https://amrumferien-nebel.de/v2018/wp-content/uploads/2018/02/neistich_haus_b_bild1-300x200.jpg 300w, https://amrumferien-nebel.de/v2018/wp-content/uploads/2018/02/neistich_haus_b_bild1-768x512.jpg 768w, https://amrumferien-nebel.de/v2018/wp-content/uploads/2018/02/neistich_haus_b_bild1-1024x683.jpg 1024w" sizes="auto, (max-width: 290px) 100vw, 290px" /></a>In der Hauptsaison Vermietung&nbsp;nur&nbsp;wochenweise bzw. mind. 7&nbsp;Tage;&nbsp;im Winter nach Absprache;&nbsp;sonst&nbsp;Mindestmietdauer&nbsp;5 Übernachtungen.<br />
Vorauszahlung von 50,- EUR pro Person&nbsp;bei&nbsp;Vertragsabschluss</p>
<p>*Inklusive Endreinigung<br />
&nbsp;<br />
&nbsp;</p>
<h4>Nebenkosten:</h4>
<p>Telefonnutzung ins deutsche Festnetz kostenlos,<br />
Kurabgabe 1,80 &#8211; 3,50 EUR pro Person und Tag<br />
Bettwäsche Pro Person 16,00 €</p>

<div class="entry-summary">
Eine gemütliche 4 Personen Maisonette-Ferienwohnung im Friesenhaus mit Reetdach. Die Wohnung 3 ist ein separater Gebäudeteil, durch ein Nebengebäude getrennt&hellip;
</div>
<div class="link-more"><a href="https://amrumferien-nebel.de/?page_id=75" class="more-link">Continue reading<span class="screen-reader-text"> &ldquo;Norddorf &#8211; Nei Stich 31b &#8211; Wohnung für 4 Personen&rdquo;</span>&hellip;</a></div>
