{"id":66,"date":"2018-02-01T11:23:27","date_gmt":"2018-02-01T10:23:27","guid":{"rendered":"http:\/\/amrumferien-nebel.de\/v2018\/?page_id=66"},"modified":"2026-04-23T14:14:47","modified_gmt":"2026-04-23T12:14:47","slug":"smaeswai-1-nebel","status":"publish","type":"page","link":"https:\/\/amrumferien-nebel.de\/?page_id=66","title":{"rendered":"Nebel &#8211; Sm\u00e4swai 1 &#8211; Wohnung 1 f\u00fcr 4 Personen"},"content":{"rendered":"<p><img loading=\"lazy\" decoding=\"async\" width=\"3000\" height=\"1880\" class=\"alignnone wp-image-209\" src=\"https:\/\/amrumferien-nebel.de\/v2018\/wp-content\/uploads\/2018\/02\/smaeswai_1-1.jpg\" alt=\"\" srcset=\"https:\/\/amrumferien-nebel.de\/v2018\/wp-content\/uploads\/2018\/02\/smaeswai_1-1.jpg 3000w, https:\/\/amrumferien-nebel.de\/v2018\/wp-content\/uploads\/2018\/02\/smaeswai_1-1-300x188.jpg 300w, https:\/\/amrumferien-nebel.de\/v2018\/wp-content\/uploads\/2018\/02\/smaeswai_1-1-768x481.jpg 768w, https:\/\/amrumferien-nebel.de\/v2018\/wp-content\/uploads\/2018\/02\/smaeswai_1-1-1024x642.jpg 1024w\" sizes=\"auto, (max-width: 3000px) 100vw, 3000px\" \/><\/p>\n<pre>Eine gem\u00fctliche Maisonette-Ferienwohnung im Friesenhaus mit Reetdach. Komfort mit Terrasse und Gartennutzung. Zwei Schlafzimmer, Wohnzimmer, K\u00fcche, Garderobe, G\u00e4ste-WC und Bad.\n\nDas im Juli 2005 fertiggestellte Ferienhaus liegt im historischen Ortskern von Nebel und wurde vom DTV mit <small>\u2605\u2605\u2605\u2605<\/small> ausgezeichnet. Der Garten kann gemeinsam mit anderen G\u00e4sten genutzt werden.<\/pre>\n<p><script>\nwindow.TWEBSHOP = {\nconfig: 'GER00020060757872763_ger',\nlanguage: 'de',\ntheme: {\nsticky: {\noffset: 80,\nzIndex: 1\n}\n}\n}\n<\/script><\/p>\n<style>\n#twebshop {\n--tw-button-color: #bc2967;\n--tw-button-text-color: #fff;\n--tw-button-price-color: #2e921d;\n--tw-button-price-text-color: #fff;\n--tw-box-color: #1d6bb1;\n--tw-box-text-color: #fff;\n--tw-booking-color: #c4c4c4;\n--tw-booking-text-color: #333;\n}\n<\/style>\n<p><tws-accommodation-calendar-service data-id=\"GER00020060757874079\"><\/tws-accommodation-calendar-service><br \/>\n<script src=\"https:\/\/twebshop.tomas-travel.com\/app\/accommodation\/calendar\/app.js\"><\/script><\/p>\n<p>&nbsp;<\/p>\n<h4><a href=\"https:\/\/amrumferien-nebel.de\/v2018\/wp-content\/uploads\/2018\/02\/smaeswai_whng_1_wozi_a.jpeg\"><img loading=\"lazy\" decoding=\"async\" class=\"alignleft wp-image-224\" style=\"margin-bottom: 8px;\" src=\"https:\/\/amrumferien-nebel.de\/v2018\/wp-content\/uploads\/2018\/02\/smaeswai_whng_1_wozi_a-300x200.jpeg\" alt=\"\" width=\"290\" height=\"193\" srcset=\"https:\/\/amrumferien-nebel.de\/v2018\/wp-content\/uploads\/2018\/02\/smaeswai_whng_1_wozi_a-300x200.jpeg 300w, https:\/\/amrumferien-nebel.de\/v2018\/wp-content\/uploads\/2018\/02\/smaeswai_whng_1_wozi_a-768x512.jpeg 768w, https:\/\/amrumferien-nebel.de\/v2018\/wp-content\/uploads\/2018\/02\/smaeswai_whng_1_wozi_a-1024x682.jpeg 1024w, https:\/\/amrumferien-nebel.de\/v2018\/wp-content\/uploads\/2018\/02\/smaeswai_whng_1_wozi_a.jpeg 2000w\" sizes=\"auto, (max-width: 290px) 100vw, 290px\" \/><\/a>Allgemeines<\/h4>\n<p>Ca. 75 qm Wohnfl\u00e4che, Breitband-Internetzugang \u00fcber Wlan, Zentralheizung,&nbsp;Nichtraucherwohnung, keine Haustiere !<\/p>\n<p>&nbsp;<\/p>\n<p>&nbsp;<\/p>\n<h4><a href=\"https:\/\/amrumferien-nebel.de\/v2018\/wp-content\/uploads\/2018\/02\/smaeswai_whng_1_wozi_b.jpeg\"><img loading=\"lazy\" decoding=\"async\" class=\"alignleft wp-image-227\" src=\"https:\/\/amrumferien-nebel.de\/v2018\/wp-content\/uploads\/2018\/02\/smaeswai_whng_1_wozi_b-300x200.jpeg\" alt=\"\" width=\"290\" height=\"193\" srcset=\"https:\/\/amrumferien-nebel.de\/v2018\/wp-content\/uploads\/2018\/02\/smaeswai_whng_1_wozi_b-300x200.jpeg 300w, https:\/\/amrumferien-nebel.de\/v2018\/wp-content\/uploads\/2018\/02\/smaeswai_whng_1_wozi_b-768x512.jpeg 768w, https:\/\/amrumferien-nebel.de\/v2018\/wp-content\/uploads\/2018\/02\/smaeswai_whng_1_wozi_b-1024x682.jpeg 1024w, https:\/\/amrumferien-nebel.de\/v2018\/wp-content\/uploads\/2018\/02\/smaeswai_whng_1_wozi_b.jpeg 2000w\" sizes=\"auto, (max-width: 290px) 100vw, 290px\" \/><\/a>Wohnraum \/&nbsp;Esszimmer<\/h4>\n<p>Kamin, gem\u00fctliche Sitzgelegenheiten f\u00fcr 4 Personen,&nbsp;Satelliten-TV,&nbsp;Stereoanlage mit DVD\/CD-Player,&nbsp;Esstisch f\u00fcr&nbsp;4 &#8211; 6 Personen, Kinderhochstuhl<br \/>\n&nbsp;<\/p>\n<p>&nbsp;<\/p>\n<h4><a href=\"https:\/\/amrumferien-nebel.de\/v2018\/wp-content\/uploads\/2018\/07\/smaeswai_kueche.jpg\"><img loading=\"lazy\" decoding=\"async\" class=\"alignleft wp-image-227\" src=\"https:\/\/amrumferien-nebel.de\/v2018\/wp-content\/uploads\/2018\/07\/smaeswai_kueche_vorschau-300x216.jpg\" alt=\"&quot;\" width=\"290\" height=\"193\"><\/a>K\u00fcche<\/h4>\n<p>Herd (Cerankochfeld) mit Dunstabzug,&nbsp;Backofen,&nbsp;K\u00fchlschrank mit Gefrierfach,&nbsp;Toaster, Kaffeemaschine,&nbsp;R\u00fchrger\u00e4t,&nbsp;Geschirrsp\u00fclmaschine,&nbsp;Mikrowelle<\/p>\n<p>&nbsp;<\/p>\n<p>&nbsp;<\/p>\n<h4><a href=\"https:\/\/amrumferien-nebel.de\/v2018\/wp-content\/uploads\/2018\/03\/Smaeswai_bad.jpg\"><img loading=\"lazy\" decoding=\"async\" class=\"alignleft wp-image-999\" src=\"https:\/\/amrumferien-nebel.de\/v2018\/wp-content\/uploads\/2018\/03\/Smaeswai_bad-300x220.jpg\" alt=\"\" width=\"290\" height=\"217\"><\/a>Badezimmer<\/h4>\n<p>1 Vollbad (Obergeschoss) mit Badewanne\/Dusche, Waschbecken und WC,&nbsp;1 separates WC (Erdgeschoss),&nbsp;Handt\u00fccher inklusive, keine Strand- und Badet\u00fccher<\/p>\n<p>&nbsp;<\/p>\n<p>&nbsp;<\/p>\n<h4><a href=\"https:\/\/amrumferien-nebel.de\/v2018\/wp-content\/uploads\/2018\/03\/smaeswai_schlafzimmer_01.jpg\"><img loading=\"lazy\" decoding=\"async\" class=\"alignleft wp-image-1008\" src=\"https:\/\/amrumferien-nebel.de\/v2018\/wp-content\/uploads\/2018\/03\/smaeswai_schlafzimmer_01-300x209.jpg\" alt=\"\" width=\"290\" height=\"200\"><\/a>Schlafzimmer<\/h4>\n<p>1 Schlafzimmer mit Doppelbett und Arbeitsplatz,&nbsp;1 Schlafzimmer mit zwei Einzelbetten, die zum Doppelbett verbunden werden k\u00f6nnen,&nbsp;Kleinkinderbett mit Matratze<br \/>\n(bis 2 J.) ist vorhanden, Bettw\u00e4sche wird gestellt.<br \/>\n&nbsp;<br \/>\n&nbsp;<\/p>\n<h4><a href=\"https:\/\/amrumferien-nebel.de\/v2018\/wp-content\/uploads\/2018\/03\/smaeswaei_schlafzimmer_2.jpg\"><img loading=\"lazy\" decoding=\"async\" class=\"alignleft wp-image-1010\" src=\"https:\/\/amrumferien-nebel.de\/v2018\/wp-content\/uploads\/2018\/03\/smaeswaei_schlafzimmer_2-300x224.jpg\" alt=\"\" width=\"290\" height=\"217\" srcset=\"https:\/\/amrumferien-nebel.de\/v2018\/wp-content\/uploads\/2018\/03\/smaeswaei_schlafzimmer_2-300x224.jpg 300w, https:\/\/amrumferien-nebel.de\/v2018\/wp-content\/uploads\/2018\/03\/smaeswaei_schlafzimmer_2-768x574.jpg 768w, https:\/\/amrumferien-nebel.de\/v2018\/wp-content\/uploads\/2018\/03\/smaeswaei_schlafzimmer_2-1024x766.jpg 1024w, https:\/\/amrumferien-nebel.de\/v2018\/wp-content\/uploads\/2018\/03\/smaeswaei_schlafzimmer_2.jpg 1500w\" sizes=\"auto, (max-width: 290px) 100vw, 290px\" \/><\/a>Au\u00dfenbereich<\/h4>\n<p>Garten, Terrasse,&nbsp;4 Gartenst\u00fchle, Tisch, Sonnenschirm,&nbsp;Strandkorb, Parkplatz, Fahrradst\u00e4nder<\/p>\n<h4>Keller<\/h4>\n<p>Wasch- und Trockenraum im Heizraum,&nbsp;Waschmaschine und Trockner zur freien Verf\u00fcgung<\/p>\n<h4><a href=\"https:\/\/amrumferien-nebel.de\/v2018\/wp-content\/uploads\/2018\/02\/smaeswai_aussen_gross.jpg\"><img loading=\"lazy\" decoding=\"async\" class=\"alignleft wp-image-222\" style=\"margin-bottom: 25px;\" src=\"https:\/\/amrumferien-nebel.de\/v2018\/wp-content\/uploads\/2018\/02\/smaeswai_aussen_gross-300x204.jpg\" alt=\"\" width=\"290\" height=\"198\" srcset=\"https:\/\/amrumferien-nebel.de\/v2018\/wp-content\/uploads\/2018\/02\/smaeswai_aussen_gross-300x204.jpg 300w, https:\/\/amrumferien-nebel.de\/v2018\/wp-content\/uploads\/2018\/02\/smaeswai_aussen_gross-768x523.jpg 768w, https:\/\/amrumferien-nebel.de\/v2018\/wp-content\/uploads\/2018\/02\/smaeswai_aussen_gross-1024x697.jpg 1024w, https:\/\/amrumferien-nebel.de\/v2018\/wp-content\/uploads\/2018\/02\/smaeswai_aussen_gross.jpg 1220w\" sizes=\"auto, (max-width: 290px) 100vw, 290px\" \/><\/a>Preise<\/h4>\n<p><strong>Saison A (12.06. &#8211; 19.09. \/ 20.12. &#8211; 07.01.)&nbsp;<\/strong><br \/>\nerster Tag 340 EUR*,&nbsp;ab dem zweiten Tag 195 EUR pro Tag<\/p>\n<p><strong>Saison B (01.03. &#8211; 11.06. \/ 20.09. &#8211; 31.10.)<\/strong><br \/>\nerster Tag 315 EUR*,&nbsp;ab dem zweiten Tag 170 EUR pro Tag<br \/>\n(bei max 2 Personen, erster Tag 285 EUR*, dann je 140 EUR\/Tag)<\/p>\n<p><strong>Saison C (08.01. &#8211; 28.02. \/ 01.11. &#8211; 19.12.)<\/strong><br \/>\nerster Tag 285 EUR*,&nbsp;ab dem zweiten Tag 140 EUR pro Tag<br \/>\n(bei max 2 Personen, erster Tag 255 EUR*, dann je 110 EUR\/Tag)<\/p>\n<p>In der Hauptsaison Vermietung nur wochenweise bzw. mind. 7 Tage; im Winter nach Absprache;<br \/>\nsonst Mindestmietdauer 5 \u00dcbernachtungen.<br \/>\nVorauszahlung von 50,- Euro pro Person bei Vertragsabschluss<br \/>\n<em>*Inklusive Endreinigung<\/em><\/p>\n<h4>Nebenkosten:<\/h4>\n<p>Telefonnutzung ins deutsche Festnetz kostenlos,<br \/>\nKurabgabe 1,80 &#8211; 3,50 EUR pro Person und Tag<br \/>\nBettw\u00e4sche Pro Person 16,00 \u20ac<\/p>\n","protected":false},"excerpt":{"rendered":"<div class=\"entry-summary\">\nEine gem\u00fctliche Maisonette-Ferienwohnung im Friesenhaus mit Reetdach. Komfort mit Terrasse und Gartennutzung. Zwei Schlafzimmer, Wohnzimmer, K\u00fcche, Garderobe, G\u00e4ste-WC und Bad.&hellip;\n<\/div>\n<div class=\"link-more\"><a href=\"https:\/\/amrumferien-nebel.de\/?page_id=66\" class=\"more-link\">Continue reading<span class=\"screen-reader-text\"> &ldquo;Nebel &#8211; Sm\u00e4swai 1 &#8211; Wohnung 1 f\u00fcr 4 Personen&rdquo;<\/span>&hellip;<\/a><\/div>\n","protected":false},"author":1,"featured_media":0,"parent":2,"menu_order":2,"comment_status":"closed","ping_status":"closed","template":"","meta":{"_acf_changed":false,"footnotes":""},"class_list":["post-66","page","type-page","status-publish","hentry","entry"],"acf":[],"jetpack_shortlink":"https:\/\/wp.me\/P9Ii4n-14","jetpack_sharing_enabled":true,"_links":{"self":[{"href":"https:\/\/amrumferien-nebel.de\/index.php?rest_route=\/wp\/v2\/pages\/66","targetHints":{"allow":["GET"]}}],"collection":[{"href":"https:\/\/amrumferien-nebel.de\/index.php?rest_route=\/wp\/v2\/pages"}],"about":[{"href":"https:\/\/amrumferien-nebel.de\/index.php?rest_route=\/wp\/v2\/types\/page"}],"author":[{"embeddable":true,"href":"https:\/\/amrumferien-nebel.de\/index.php?rest_route=\/wp\/v2\/users\/1"}],"replies":[{"embeddable":true,"href":"https:\/\/amrumferien-nebel.de\/index.php?rest_route=%2Fwp%2Fv2%2Fcomments&post=66"}],"version-history":[{"count":10,"href":"https:\/\/amrumferien-nebel.de\/index.php?rest_route=\/wp\/v2\/pages\/66\/revisions"}],"predecessor-version":[{"id":1826,"href":"https:\/\/amrumferien-nebel.de\/index.php?rest_route=\/wp\/v2\/pages\/66\/revisions\/1826"}],"up":[{"embeddable":true,"href":"https:\/\/amrumferien-nebel.de\/index.php?rest_route=\/wp\/v2\/pages\/2"}],"wp:attachment":[{"href":"https:\/\/amrumferien-nebel.de\/index.php?rest_route=%2Fwp%2Fv2%2Fmedia&parent=66"}],"curies":[{"name":"wp","href":"https:\/\/api.w.org\/{rel}","templated":true}]}}